 divided by 4641.
3
Calculate the remainder when 44 is divided by 5.
4
What is the remainder when 1784 is divided by 140?
104
What is the remainder when 4714 is divided by 115?
114
What is the remainder when 31073 is divided by 30?
23
What is the remainder when 99 is divided by 9?
0
What is the remainder when 145 is divided by 55?
35
What is the remainder when 109 is divided by 29?
22
What is the remainder when 468 is divided by 157?
154
Calculate the remainder when 2556 is divided by 5.
1
Calculate the remainder when 67 is divided by 37.
30
What is the remainder when 336 is divided by 108?
12
What is the remainder when 420 is divided by 31?
17
What is the remainder when 13155 is divided by 9?
6
Calculate the remainder when 1251 is divided by 112.
19
Calculate the remainder when 378 is divided by 55.
48
Calculate the remainder when 3339 is divided by 42.
21
Calculate the remainder when 8416 is divided by 2102.
8
What is the remainder when 197 is divided by 10?
7
What is the remainder when 10130 is divided by 68?
66
What is the remainder when 368 is divided by 62?
58
Calculate the remainder when 3549 is divided by 96.
93
What is the remainder when 153 is divided by 83?
70
What is the remainder when 148 is divided by 74?
0
Calculate the remainder when 975 is divided by 16.
15
What is the remainder when 19 is divided by 6?
1
Calculate the remainder when 37 is divided by 18.
1
What is the remainder when 145 is divided by 75?
70
Calculate the remainder when 1014 is divided by 288.
150
Calculate the remainder when 207 is divided by 27.
18
What is the remainder when 391 is divided by 18?
13
What is the remainder when 2872 is divided by 1431?
10
What is the remainder when 65 is divided by 14?
9
What is the remainder when 674 is divided by 134?
4
Calculate the remainder when 218 is divided by 71.
5
What is the remainder when 88 is divided by 15?
13
What is the remainder when 200 is divided by 35?
25
Calculate the remainder when 2009 is divided by 95.
14
What is the remainder when 2 is divided by 1?
0
What is the remainder when 83 is divided by 50?
33
Calculate the remainder when 1483 is divided by 11.
9
What is the remainder when 7477 is divided by 9?
7
What is the remainder when 37 is divided by 8?
5
Calculate the remainder when 1799 is divided by 72.
71
Calculate the remainder when 66 is divided by 26.
14
Calculate the remainder when 122 is divided by 48.
26
Calculate the remainder when 217 is divided by 24.
1
Calculate the remainder when 1588 is divided by 30.
28
Calculate the remainder when 81 is divided by 3.
0
Calculate the remainder when 43 is divided by 10.
3
Calculate the remainder when 2938 is divided by 9.
4
Calculate the remainder when 3183 is divided by 18.
15
What is the remainder when 1257 is divided by 84?
81
What is the remainder when 564 is divided by 266?
32
What is the remainder when 1078 is divided by 36?
34
Calculate the remainder when 589 is divided by 27.
22
What is the remainder when 539 is divided by 58?
17
Calculate the remainder when 474 is divided by 13.
6
What is the remainder when 1271 is divided by 67?
65
Calculate the remainder when 941 is divided by 59.
56
Calculate the remainder when 140 is divided by 47.
46
Calculate the remainder when 351 is divided by 66.
21
What is the remainder when 12 is divided by 7?
5
What is the remainder when 215 is divided by 80?
55
Calculate the remainder when 203 is divided by 62.
17
What is the remainder when 105 is divided by 59?
46
What is the remainder when 240 is divided by 27?
24
Calculate the remainder when 124 is divided by 14.
12
Calculate the remainder when 987 is divided by 38.
37
What is the remainder when 771 is divided by 71?
61
What is the remainder when 1017 is divided by 285?
162
What is the remainder when 337 is divided by 29?
18
What is the remainder when 76 is divided by 13?
11
What is the remainder when 282 is divided by 89?
15
What is the remainder when 800 is divided by 12?
8
What is the remainder when 2247 is divided by 50?
47
Calculate the remainder when 186 is divided by 51.
33
What is the remainder when 174 is divided by 94?
80
What is the remainder when 59 is divided by 32?
27
Calculate the remainder when 85 is divided by 2.
1
What is the remainder when 815 is divided by 117?
113
Calculate the remainder when 5276 is divided by 1055.
1
What is the remainder when 3273 is divided by 126?
123
Calculate the remainder when 342 is divided by 14.
6
Calculate the remainder when 102 is divided by 49.
4
Calculate the remainder when 367 is divided by 53.
49
Calculate the remainder when 673 is divided by 53.
37
What is the remainder when 942 is divided by 59?
57
Calculate the remainder when 652 is divided by 209.
25
Calculate the remainder when 895 is divided by 69.
67
What is the remainder when 513 is divided by 74?
69
What is the remainder when 186 is divided by 19?
15
What is the remainder when 59 is divided by 36?
23
What is the remainder when 77 is divided by 52?
25
Calculate the remainder when 165 is divided by 75.
15
Calculate the remainder when 644 is divided by 298.
48
Calculate the remainder when 98 is divided by 8.
2
What is the remainder when 319 is divided by 12?
7
Calculate the remainder when 440 is divided by 383.
57
Calculate the remainder when 250 is divided by 63.
61
Calculate the remainder when 1859 is divided by 14.
11
What is the remainder when 31537 is divided by 166?
163
Calculate the remainder when 1559 is divided by 46.
41
What is the remainder when 389 is divided by 39?
38
What is the remainder when 163 is divided by 55?
53
Calculate the remainder when 659 is divided by 204.
47
What is the remainder when 220 is divided by 16?
12
Calculate the remainder when 290 is divided by 122.
46
What is the remainder when 9460 is divided by 52?
48
What is the remainder when 317 is divided by 19?
13
Calculate the remainder when 917 is divided by 9.
8
Calculate the remainder when 1331 is divided by 46.
43
What is the remainder when 13 is divided by 9?
4
What is the remainder when 2429 is divided by 161?
14
What is the remainder when 205 is divided by 115?
90
What is the remainder when 363 is divided by 7?
6
Calculate the remainder when 711 is divided by 39.
9
Calculate the remainder when 527 is divided by 88.
87
Calculate the remainder when 388 is divided by 25.
13
What is the remainder when 291 is divided by 21?
18
Calculate the remainder when 2998 is divided by 991.
25
Calculate the remainder when 187 is divided by 8.
3
Calculate the remainder when 324 is divided by 107.
3
Calculate the remainder when 136 is divided by 8.
0
What is the remainder when 1511 is divided by 27?
26
Calculate the remainder when 8952 is divided by 9.
6
Calculate the remainder when 47 is divided by 23.
1
What is the remainder when 21 is divided by 4?
1
Calculate the remainder when 5020 is divided by 67.
62
What is the remainder when 371 is divided by 93?
92
Calculate the remainder when 122 is divided by 10.
2
What is the remainder when 537 is divided by 440?
97
What is the remainder when 898 is divided by 229?
211
What is the remainder when 10232 is divided by 17?
15
Calculate the remainder when 292 is divided by 96.
4
Calculate the remainder when 287 is divided by 50.
37
What is the remainder when 39 is divided by 23?
16
What is the remainder when 9 is divided by 6?
3
What is the remainder when 294 is divided by 99?
96
What is the remainder when 1013 is divided by 7?
5
What is the remainder when 1117 is divided by 35?
32
What is the remainder when 527 is divided by 11?
10
What is the remainder when 302 is divided by 55?
27
What is the remainder when 111 is divided by 30?
21
Calculate the remainder when 1916 is divided by 9.
8
Calculate the remainder when 824 is divided by 11.
10
Calculate the remainder when 717 is divided by 10.
7
Calculate the remainder when 312 is divided by 21.
18
Calculate the remainder when 775 is divided by 92.
39
Calculate the remainder when 1685 is divided by 476.
257
Calculate the remainder when 2186 is divided by 55.
41
What is the remainder when 1388 is divided by 34?
28
What is the remainder when 693 is divided by 681?
12
What is the remainder when 297 is divided by 46?
21
Calculate the remainder when 520 is divided by 17.
10
What is the remainder when